*n**2. What is the units digit of j(1)?
4
Let o(b) = b**2 - b - 1. Let f(x) = 2*x + 2. Let u(y) = f(y) + 3*o(y). Let l be (-3)/(14/4 + -2). What is the tens digit of u(l)?
1
Let s(g) = 3*g**2 - 4*g. Let t be s(2). Let j(w) = 12*w**2 - 2*w + 1. Let q be j(t). Let f = q - 120. What is the tens digit of f?
6
Let a(u) be the second derivative of 2*u**3/3 + 13*u**2/2 + 22*u. What is the units digit of a(5)?
3
Let d = 45 + -47. What is the tens digit of 15/(-10) + (-103)/d?
5
Suppose 5335 - 18166 = -21*t. What is the tens digit of t?
1
Suppose 24 = 4*n + 100. Let g = -44 - n. Let a = 36 + g. What is the tens digit of a?
1
Suppose -f - 4*g + 8 = -9*g, -3*f - 5*g + 4 = 0. Suppose 2*j + a - 3*a - 348 = 0, 3*j + f*a - 552 = 0. What is the hundreds digit of j?
1
Let y = 41 + -19. Let f = y + -10. What is the tens digit of (f/9)/(2/18)?
1
Let s = 6 - 6. Suppose 2*z + s*z = 96. Suppose 0 = -4*b - 4*k + z, 4*b - 4*k = -k + 76. What is the tens digit of b?
1
Suppose 2*a + 9*a - 1375 = 0. Let t = 19 + a. What is the hundreds digit of t?
1
Let c be 64/11 + (-16)/(-88). Suppose -4*x + x + c = 0. What is the units digit of x?
2
Let y = 144 - -12. What is the hundreds digit of 4 - (-2 - y) - 4?
1
Let t be (-255)/10*2/(-3). Suppose -4*z + 5 = t. What is the units digit of ((-16)/10)/(z/15)?
8
Suppose -11*h - 401 = -1039. What is the units digit of h?
8
Let d(h) be the third derivative of 4*h**5/3 - h**4/24 + 14*h**2. What is the tens digit of d(1)?
7
Suppose 202*m = 198*m + 18436. What is the tens digit of m?
0
Let m be 2/(-7) + (-24)/14. Let o be 0/(1/(-3 - m)). Suppose o = -5*d + 111 - 26. What is the tens digit of d?
1
Let u(p) = -11*p**2 - 121*p + 121. Let v(m) = 4*m**2 + 40*m - 40. Let z(k) = -6*u(k) - 17*v(k). What is the tens digit of z(20)?
7
Let j(w) = 4*w**2 + 15*w + 18. What is the units digit of j(9)?
7
Let b be -1*(-2 - 3) + 280. Suppose -b = -6*p + 45. What is the units digit of p?
5
What is the tens digit of (-9 + (-80)/(-8))*1184?
8
Let g = -123 - -278. What is the tens digit of g?
5
What is the tens digit of (-47712)/(-30) - 27/(-45)?
9
Let y = -1073 - -1516. What is the tens digit of y?
4
Let x(g) = 600*g**2 - g - 1. Let r be x(-1). Suppose 9*u = 4*u - 5*m + r, 2*u - 255 = m. Suppose 0 = -5*n + 5*v + u, v + 15 = -2*v. What is the tens digit of n?
2
Let b be (-6)/((-16)/(-6) - 3). Let y be ((-8)/10)/(b/585). What is the tens digit of (y/(-6))/((-3)/(-9))?
1
Let c = -3 + 53. Suppose 5*t - 235 = -c. Let j = 63 - t. What is the tens digit of j?
2
Let m(o) = o**2 - 9*o + 1. Let d be m(9). Let f = -7 - d. Let p = f + 33. What is the units digit of p?
5
Let g be (1 + 0)*(-3 + 0). Let v = 2 - g. Suppose -v*y - 95 = -5*l + 2*l, -4*l + 5*y = -120. What is the units digit of l?
5
Suppose -4*w + 8 = 3*z + 35, -5*z = 2*w + 3. Let q = w + 7. What is the units digit of -3 + 3 - q - -1?
3
Let c = 511 - 188. Suppose -c = -7*i - 15. What is the tens digit of i?
4
What is the tens digit of (-781)/(-2 + (-7)/(-7))?
8
Suppose 0 = x + 2*m - 13, 4*x + 1 = 4*m + 5. Suppose w + 2*c + 41 = 3*c, 4*w - x*c + 169 = 0. Let a = 68 + w. What is the tens digit of a?
3
Suppose -4*g + 1 = 5, 51 = 5*p + 4*g. Suppose 33*n + 630 = 38*n. Suppose p*c + n = 14*c. What is the units digit of c?
2
Let v(w) = -7*w - 8. Let b be v(6). What is the units digit of 2*b/(-4) - (2 - 1)?
4
Suppose 0 = -19*v + 2*v + 21301. What is the thousands digit of v?
1
Let u(c) = c**2 - 26*c + 29. Let m be u(25). Suppose -m*t = -4*n + 60, 4*n + 21 - 54 = -5*t. What is the units digit of n?
2
Suppose 6 = 54*c - 51*c, 5*f - 5*c = 12175. What is the hundreds digit of f?
4
Let k(o) = o. Let j be k(5). Let y(n) = n**3 - n**2 + 1. Let m(t) = 4*t**3 + t**2 + 2*t + 3. Let g(u) = m(u) - 5*y(u). What is the units digit of g(j)?
3
Let a = 50 + -38. Let v be -9*-2*(-1 - -2). Let c = a + v. What is the tens digit of c?
3
Let p(b) = -5*b**3 - 9*b**2 - 2*b + 3. Let s(h) = 16*h**3 + 26*h**2 + 4*h - 9. Let j(n) = 7*p(n) + 2*s(n). What is the tens digit of j(-5)?
3
Let c be (16 + -2)/(4 + -11 + 6). Let z(l) = -2*l**2 - 35*l - 14. What is the units digit of z(c)?
4
Suppose -11*j = -7*j + 4. What is the units digit of ((-141)/6 - 6)*2/j?
9
Let t(c) = -c**2 + 17*c + 5. Let m be t(17). Suppose -m*i + 619 + 76 = 0. What is the tens digit of i?
3
Let j(w) = 30*w**2 + 2*w + 3. Let x be j(-1). Let i(k) = k**2 + 4*k + 1. Let u be i(-4). Let n = x - u. What is the tens digit of n?
3
Suppose 0 = -30*s + 26*s - 2476. What is the units digit of s/(-3) - (-3)/(-9)?
6
Let t(v) = -16*v + 33*v**3 + 58*v**3 + 0 - 1 + 17*v. What is the tens digit of t(1)?
9
Let a = 750 + -531. What is the tens digit of a?
1
Let p = -23 + 23. Suppose 7*a - 98 - 63 = p. What is the units digit of a?
3
Suppose -3*y = t - 96, -2*t + 4*t - 199 = y. Suppose c + 2 = t. What is the units digit of c?
7
Suppose 3*i + 6 = -6. What is the units digit of 5 + (-8554)/(-63) + i/(-18)?
1
Let r = -5 + 6. Let t be 17 - (r - (-3)/(-1)). Suppose 4*q - 53 = t. What is the tens digit of q?
1
Let q = 12 + 44. Suppose 0 = t + t - 4*u - q, 0 = -5*t - 3*u + 166. What is the tens digit of t?
3
Let h(t) = -3*t + 5. Let a be h(5). Let i be (2/3)/(a/(-105)). Let s = 16 - i. What is the units digit of s?
9
Suppose -a + 0*n + 235 = n, 695 = 3*a + 5*n. Suppose 2*y - a = 4*r, 3*y - 3*r - 253 = 104. What is the units digit of y?
8
Let m be (5 + -5)/(1*-3). Let y = -2 - -5. Suppose -y*x + 6*x - 42 = m. What is the units digit of x?
4
Let v(m) = -2*m**3 - 27*m**2 - 13*m + 10. Let n be v(-13). Suppose -3*w + 377 = n*w. What is the units digit of w?
9
What is the hundreds digit of (-113472)/80*(-5)/2?
5
Suppose 874 = g - 5*a, -4034 = -5*g + 4*a + 378. What is the hundreds digit of 4/8 - g/(-8)?
1
Let i be 208/7 - 8/(-28). Suppose 0*w + 2*w + 20 = 0. What is the units digit of (i/20)/((-1)/w)?
5
Suppose -20*q + 922 + 27258 = 0. What is the tens digit of q?
0
What is the hundreds digit of (1967/(-35) - 3)/((-2)/5)?
1
Let p(f) = -394*f - 4. Let u be p(-2). What is the units digit of u/10 + (-4)/10?
8
Let t = 2430 - -1397. What is the units digit of t?
7
Let u = 2302 + -827. What is the hundreds digit of u?
4
Suppose -1082 = -3*n + 1741. What is the units digit of n?
1
Suppose 0 = -4*m + 99 - 15. Let o = m + 12. What is the units digit of o?
3
Let r = -3196 - -4782. What is the hundreds digit of r?
5
Let f = 10 - -20. Suppose 2*g - 26 = 4. Let q = f - g. What is the tens digit of q?
1
Let b(j) = 3*j - 8. Let v(o) = o**2 + 7*o + 6. Let f be v(-7). Let x be b(f). What is the units digit of x/50 + 39/5?
8
Let a = 5834 + -1941. What is the hundreds digit of a?
8
Let r(b) = -3. Let v(m) = -m - 4. Let k(u) = -3*r(u) + 2*v(u). Let n = 7 + -9. What is the units digit of k(n)?
5
Let g(d) = d**2. Let t be g(-2). Suppose -4*f - t*h = 0, -4*f - h + 2*h + 20 = 0. Let i = 76 - f. What is the units digit of i?
2
Let p = 45 - 26. Suppose z + p = 2*z. Suppose 0 = -5*y + 15, i + 0*y = 4*y + z. What is the tens digit of i?
3
Suppose 264 = 10*a - 686. Let c = a - 14. What is the tens digit of c?
8
Let m(j) = -14*j**3 - 4*j**2 + 4*j - 3. What is the units digit of m(-4)?
3
Let v = 358 - 558. Let o be (-9)/(18/v) - 1. Let m = -65 + o. What is the tens digit of m?
3
What is the hundreds digit of (20/25)/(3/975)?
2
Let b(n) = -5*n - 36. Let r be b(-8). Suppose 3*z - 474 = -4*l + l, r*l - 620 = -z. What is the hundreds digit of l?
1
Suppose -5*v - 16 = -31. What is the units digit of 3*(-1)/(v/(-4))?
4
Suppose -m + 2404 = 4*s + s, 4*m + 4 = 0. What is the hundreds digit of s?
4
Suppose -44 - 2 = 2*v + 2*i, -2*i = -4*v - 80. Let b = v + 45. What is the tens digit of b?
2
Let p(l) = -6*l**3 + 13*l**2 + 11*l + 3. What is the hundreds digit of p(-3)?
2
Suppose 5*j = c + 1166, 2*j - 3*j + c + 230 = 0. Suppose 7*s - 25 = j. What is the tens digit of s?
3
Let o be 17/(-2) - (-1)/2. Let y(s) = -121*s - s**3 + 58*s + 61*s + 9 - 8*s**2. What is the units digit of y(o)?
5
Suppose w - 193 = 245. What is the tens digit of w?
3
Suppose -k + 2435 = -2*p - 3*p, 0 = 3*k - 4*p - 7316. What is the units digit of k?
0
Suppose 0 = -2*k + 240 + 816. What is the units digit of k?
8
Suppose 4*x = 2*x + 38. Let n = -66 + 104. Let l = n - x. What is the units digit of l?
9
What is the hundreds digit of (-2 - 0)*(2 + (-5745)/10)?
1
Let f = 15 - 30. Le